i + 4. Calculate u(-1).
2
Let k(q) = q**3 + 10*q**2 + 2*q + 7. Give k(-10).
-13
Let o(k) = k**2 - 6*k + 3. Calculate o(2).
-5
Let x(u) = -4*u + 2. Calculate x(2).
-6
Let j(p) = -p**2 - p. Calculate j(-2).
-2
Let b(w) = -7*w + 6. What is b(-5)?
41
Let j(q) = 8*q + 35. Determine j(-5).
-5
Let l(d) = -2*d**2 + 24*d. Determine l(10).
40
Let v(y) = -y**3 - 6*y**2 + 9*y + 9. Give v(-7).
-5
Let s(l) = l**2 + 5*l - 7. What is s(-6)?
-1
Let h(s) = -3*s**3 - 70*s**2 - 22*s + 21. What is h(-23)?
-2
Let t(g) = -g**3 + 12*g**2 + 11*g + 27. Determine t(13).
1
Let f(n) = -4*n + 3. Determine f(7).
-25
Let d(b) = -8*b - 6. Determine d(-4).
26
Let l(h) = 2*h**3 - 4*h**2 + 20*h - 36. Determine l(2).
4
Let h(y) = -2*y**3 - 6*y**2 + 7*y + 33. Give h(-3).
12
Let q(h) = -h**3 + 2*h**2 + 6*h + 7. Calculate q(4).
-1
Let b(n) = 6*n**2 + 57*n - 31. What is b(-10)?
-1
Let g(b) = 25*b - 2. What is g(-1)?
-27
Let v(u) = -2*u**2 + 31*u - 5. Calculate v(15).
10
Let i(y) = -57*y + 232. Give i(4).
4
Let f(t) = t**3 - 3*t - 5. Give f(0).
-5
Let j(y) = -60*y - 231. Determine j(-4).
9
Let n(u) = u**3 - 22*u**2 - 25*u - 31. Determine n(23).
-77
Let r(c) = 3*c**3 - 7*c**2 - 17*c - 1. Calculate r(-2).
-19
Let a(i) = -i + 18. What is a(9)?
9
Let u(x) = x**3 - 22*x**2 - 33*x + 212. Determine u(23).
-18
Let c(n) = -n**2 + 9*n + 11. Calculate c(0).
11
Let x(v) = 19*v - 22. Give x(1).
-3
Let x(m) = -8*m**2 - 1. Determine x(1).
-9
Let z(g) = g**2 - 15*g - 17. Determine z(16).
-1
Let p(w) = -w**3 + 18*w**2 + 18*w + 16. What is p(19)?
-3
Let p(c) = 5*c - 17. Determine p(7).
18
Let m(n) = 2*n**2 - 10*n + 5. Give m(-6).
137
Let p(z) = -182*z + 196. Determine p(1).
14
Let c(u) = -u - 17. What is c(-9)?
-8
Let i(z) = z**3 + 7*z**2 + z - 1. Calculate i(-7).
-8
Let l(f) = -5*f - 18. What is l(-6)?
12
Let m(j) = -j**3 - 5*j**2 + 4*j - 6. Determine m(-6).
6
Let s(u) = 5*u. Determine s(2).
10
Let t(l) = -l**3 - 12*l**2 + 42. Calculate t(-12).
42
Let m(s) = s**3 - 4*s**2 - 3*s + 1. What is m(-1)?
-1
Let q(k) = -k**3 - 16*k**2 - 49*k - 10. Calculate q(-12).
2
Let q(m) = -m**3 + 10*m**2 - 10*m + 7. Give q(6).
91
Let q(b) = b**2 - 9*b - 11. Determine q(-5).
59
Let c(t) = 32*t + 262. Give c(-8).
6
Let o(b) = -2*b**3 - 9*b**2 - 4*b + 1. Calculate o(-5).
46
Let u(v) = -v**2 + 2*v + 4. Determine u(5).
-11
Let n(q) = -2*q**3 + 7*q**2 - 2*q - 19. What is n(3)?
-16
Let t(k) = k**2 + 19*k + 14. Determine t(-18).
-4
Let q(s) = -s**3 + s**2 + s - 14. What is q(0)?
-14
Let w(y) = -6*y**3 + y**2 + y + 2. Calculate w(2).
-40
Let n(u) = -13*u + 10. Calculate n(-7).
101
Let j(k) = 4*k - 5. Give j(8).
27
Let m(a) = -a**3 + a**2 + 24. Determine m(0).
24
Let a(f) = -6*f**2 - 59*f + 17. What is a(-10)?
7
Let t(j) = j**2 + 2*j - 74. Give t(6).
-26
Let s(k) = 9*k**3 - k**2 + k - 1. Give s(1).
8
Let d(a) = -a**2 + 11*a + 5. Calculate d(9).
23
Let n(g) = g**2 + 23*g + 64. What is n(-21)?
22
Let f(y) = -y**2 - 8*y - 15. Give f(-6).
-3
Let b(l) = -2*l**3 + 17*l**2 + 9*l - 4. Give b(9).
-4
Let w(p) = -p**2 - 15*p - 32. What is w(-4)?
12
Let f(b) = -2*b - 75. What is f(-40)?
5
Let h(i) = -2*i - 46. What is h(-24)?
2
Let h(u) = -u**2 - 7*u + 8. Give h(-7).
8
Let q(w) = -2*w - 10. Give q(0).
-10
Let f(u) = u**2 + 2*u + 12. Give f(0).
12
Let v(i) = -4*i + 37. Determine v(5).
17
Let g(m) = -m**3 - 3*m**2 - 4*m - 6. Give g(-3).
6
Let g(s) = 4*s**2 + 7*s - 1. Give g(-2).
1
Let r(n) = -n**3 + 14*n - 1. Determine r(4).
-9
Let k(c) = c**3 + 8*c - 9. Give k(0).
-9
Let m(g) = g**3 - 20*g**2 + 3. What is m(20)?
3
Let t(o) = -o**3 + 9*o**2 - 7*o - 7. Calculate t(8).
1
Let a(k) = 4*k + 17. Determine a(-6).
-7
Let c(g) = 26*g + 718. Calculate c(-28).
-10
Let x(v) = v**2 - 6*v - 559. Calculate x(27).
8
Let i(a) = a**3 + 4*a**2 - a - 7. Calculate i(-4).
-3
Let p(h) = -3*h - 2. What is p(-1)?
1
Let v(o) = o**3 + 8*o**2 + 15*o + 7. What is v(-6)?
-11
Let y(k) = -k**3 - 21*k**2 - 5*k - 11. What is y(-21)?
94
Let f(y) = y**2 + 5*y + 4. What is f(-2)?
-2
Let g(o) = -o - 23. What is g(-9)?
-14
Let b(i) = i**2 + 3*i - 14. Give b(-6).
4
Let n(h) = 2*h**2 + 17*h - 16. Calculate n(-9).
-7
Let l(i) = 105*i + 411. Calculate l(-4).
-9
Let h(c) = 4*c - 2. What is h(-2)?
-10
Let x(f) = -2*f**2 + 26*f - 28. What is x(12)?
-4
Let a(m) = 7*m - 61. Determine a(10).
9
Let h(y) = y**3 - 6*y**2 + 5*y - 4. Calculate h(6).
26
Let k(m) = -m + 5. Calculate k(11).
-6
Let w(n) = n**2 + 11*n + 2. Calculate w(-9).
-16
Let o(q) = 2*q**2 + 20*q + 6. Calculate o(-9).
-12
Let y(q) = 6*q**2 - 2*q - 1. Give y(2).
19
Let a(x) = -x**2 + 4*x + 6. Calculate a(6).
-6
Let k(x) = 4*x - 2. What is k(2)?
6
Let z(s) = 3*s + 46. What is z(-12)?
10
Let c(t) = 23*t - 834. Calculate c(36).
-6
Let r(a) = -a**3 + 7*a**2 - 10*a + 7. Determine r(6).
-17
Let v(l) = -12*l**2 + 22*l - 11. Calculate v(2).
-15
Let y(t) = 2*t + 4. Calculate y(2).
8
Let t(j) = 2*j**3 + 46*j**2 - 47*j + 23. Give t(-24).
-1
Let t(s) = -s**3 + 8*s**2 + 3*s + 21. Determine t(9).
-33
Let m(r) = r**2 + 13*r + 11. Calculate m(-14).
25
Let b(c) = -40*c - 128. Determine b(-3).
-8
Let x(t) = t**3 - 4*t**2 + 6. Calculate x(5).
31
Let p(o) = 13*o + 64. Give p(-5).
-1
Let j(g) = -15*g**3 - g - 2. Determine j(-1).
14
Let r(d) = d**3 - 4*d**2 + 4*d + 1. Give r(2).
1
Let v(d) = 3*d + 43. Give v(-15).
-2
Let q(l) = -61*l - 7. Give q(0).
-7
Let k(c) = c**3 + 7*c**2 - 142*c + 33. What is k(-16)?
1
Let r(h) = -2*h - 35. Give r(-8).
-19
Let m(y) = y - 6. What is m(-5)?
-11
Let h(b) = -b**2 + 23*b - 152. Calculate h(9).
-26
Let t(n) = -n**3 + 14*n - 4. Calculate t(-4).
4
Let s(a) = -2*a**3 + 2*a**2 + 4*a + 3. What is s(-1)?
3
Let l(m) = -9*m - 13. Calculate l(-4).
23
Let f(w) = w**2 + 2*w + 1. What is f(0)?
1
Let s(v) = -5*v**2 + v + 3. Determine s(2).
-15
Let h(g) = g**2 + 15*g - 4. What is h(-16)?
12
Let t(h) = -h**2 - 26*h - 93. Determine t(-22).
-5
Let l(x) = 3*x - 9. Give l(3).
0
Let r(h) = h**3 - 47*h**2 + 50*h - 182. Calculate r(46).
2
Let x(h) = -10*h. What is x(-1)?
10
Let j(x) = 4*x + 6. Calculate j(6).
30
Let i(o) = o**2 + 9*o - 9. Give i(-9).
-9
Let y(b) = -6*b - 77. Calculate y(-12).
-5
Let y(v) = v**3 - 19*v**2 + 66. What is y(19)?
66
Let r(z) = -5*z**2 + z - 2. What is r(-2)?
-24
Let o(h) = -h**2 + 30*h + 88. Calculate o(-3).
-11
Let n(t) = 7*t + 2. Calculate n(1).
9
Let n(v) = -9*v - 56. Determine n(-9).
25
Let k(x) = 22*x + 3. Determine k(-2).
-41
Let g(q) = 3*q**2 - 7*q + 14. Determine g(3).
20
Let i(x) = 3*x**2 + 3*x + 4. Calculate i(-3).
22
Let j(i) = 5*i + 1. What is j(-5)?
-24
Let y(r) = -r**3 - 15*r**2 + 18*r + 37. Give y(-16).
5
Let t(d) = -d**3 - 12*d**2 + 19*d + 2. Determine t(-14).
128
Let c(i) = 2*i**3 + 5*i**2 + 9. Give c(-4).
-39
Let b(j) = -5*j - 83. Give b(-6).
-53
Let t(z) = -z**3 + 26*z**2 - 51*z + 55. What is t(24)?
-17
Let a(b) = b**3 + 10*b**2 - 2*b - 5. Give a(-6).
151
Let q(w) = -w**3 - 2*w**2 + w - 9. Determine q(-4).
19
Let g(c) = -c**2 + 36*c + 103. What is g(39)?
-14
Let z(a) = a**3 - 6*a**2 - 14*a + 8. Give z(9).
125
Let n(u) = u**3 + 2*u**2 - 3*u + 1. Determine n(1).
1
Let r(c) = -c**3 + 6*c**2 - c + 2. Give r(4).
30
Let v(k) = -k + 13. Determine v(21).
-8
Let u(q) = 4*q + 8. What is u(-10)?
-32
Let p(x) = -x**3 - 11*x**2 - 15*x + 22. Give p(-9).
-5
Let f(y) = -5*y**2 + 3*y - 2. Determine f(3).
-38
Let q(o) = o**3 - o**2 + o. Calculate q(2).
6
Let w(n) = -n**2 - 17*n - 32. Give w(-15).
-2
Let h(j) = 34*j - 37. What is h(-6)?
-241
Let t(l) = l + 8. Calculate t(-9).
-1
Let j(b) = b**2 + 17*b + 41. Determine j(-14).
-1
Let o(q) = -3*q**2 + 30*q - 1. Calculate o(9).
26
Let h(i) = i**3 - 36*i**2 - 3*i + 83. What is h(36)?
-25
Let o(t) = -t**2 - t + 4. Determine o(4).
-16
Let o(b) = 4*b - 2. What is o(3)?
10
Let x(m) = m**2 - 1. What is x(-3)?
8
Let m(h) = -2*h**2 - 6*h - 5. What is m(-3)?
-5
Let b(v) = v - 8. Give b(0).
-8
Let z(m) = -m**3 - 8*m**2 + 19*m - 10. Determine z(-10).
0
Let n(a) = a**3 + 11*a**2 - 11*a - 5. Give n(-12).
-17
Let u(a) = -a**3 + 11*a**2 + 43*a - 8. Give u(14).
6
Let c(a) = a**3 + 4*a**2 - 9*a + 13. Calculate c(-6).
-5
Let j(q) = 4*q - 46. Calculate j(11).
-2
Let j(v) = -v**3 - 3*v**2 - 3*v - 3. Give j(-4).
25
Let o(d) = -d**2 + 35. Give o(-5).
10
Let j(h) = -h**2 + 7*h + 2. What is j(7)?
2
Let w(m) = -m**3 - 13*m**2 + 2*m - 17. What is w(-13)?
-43
Let t(g) = -g**2 - 9*g + 2. 